divisor of 91 and t.
13
Let o(g) be the second derivative of -1/3*g**3 + 1/20*g**5 + 0 - 1/6*g**4 + 2*g + 5/2*g**2. Let f be o(5). What is the highest common divisor of 28 and f?
14
Let d be (1 + 0)/(5/(-330)). Let i be 1*6/(-9)*d. What is the highest common factor of 4 and i?
4
Let s = 5 + 17. What is the highest common divisor of 198 and s?
22
Suppose 0 = -3*w + 6*w - 9. Calculate the highest common divisor of 2 and w.
1
Let s be 1/(-2)*2/(-1). Let x be 0 - (-3 - (-1)/s). Suppose 7*g - 2*g - 625 = w, 267 = x*g + 3*w. What is the highest common divisor of 14 and g?
14
Let b be (-143)/(-26) - (3/1)/(-6). Calculate the highest common factor of b and 54.
6
Let q be (-2)/3 - (-110)/3. Let i = -51 + 77. Suppose f = -4*r - f + i, 3*r - 2 = 2*f. Calculate the highest common factor of q and r.
4
Let x be (24/(-20))/(3/15). Let q be 2/x + 305/15. Calculate the highest common factor of q and 80.
20
Let x be (-4)/(-18) + 43/9. Let p be (-11 + 6 - -3)*-5. What is the greatest common divisor of x and p?
5
Let l(s) = -2*s + 2. Let f be l(-4). Let v(r) = r**3 - 4*r**2 + 3*r. Let g be v(5). What is the highest common divisor of g and f?
10
Let y be (1 - (-6)/(-4))*0. Suppose -4*x + 5*g + 3 = y, -g - g = -x. What is the greatest common factor of x and 18?
2
Suppose -x + 2*p = -130, 0 = -0*p - 3*p - 6. Let i(f) = -3*f**3 - 3*f**2 - 2*f + 2. Let u be i(-2). Calculate the highest common factor of x and u.
18
Let d be ((-36)/15)/(1/(-10)). Let m = 57 + -41. What is the highest common divisor of d and m?
8
Let t = 361 + -152. What is the highest common factor of t and 19?
19
Suppose 0 = -q - 0*q - 9. Let h = q + 4. Let x = 4 - h. What is the greatest common factor of 99 and x?
9
Let b(g) = g**3 - 4*g**2 + 3*g - 1. Let p be b(4). Let q(r) = r**3 - r**2 + 88. Let o be q(0). Calculate the highest common divisor of o and p.
11
Suppose 8*g + 3*g = 462. What is the highest common factor of g and 63?
21
Let o = -66 + 186. Calculate the highest common factor of 30 and o.
30
Let g = 15 + -9. Let l be 20/(-6)*g/(-4). Suppose -2*k = l - 29. Calculate the highest common divisor of 60 and k.
12
Let d(a) = a + 3. Let y be d(-3). Suppose y = -4*l + 11 + 57. What is the greatest common factor of 85 and l?
17
Let j(t) = 9*t - 17. Let w be j(4). Calculate the greatest common factor of 76 and w.
19
Suppose -3*v = 2*t - 58, -3*v + t + 59 = v. Let k(b) = b + 8. Let s be k(-4). Calculate the greatest common divisor of v and s.
4
Let t = 1 + 8. Let r(v) = -v**2 + 11*v - 4. Let u be r(t). What is the greatest common factor of 154 and u?
14
Let a be (-4)/(-6) - 32/(-6). Suppose -2*k + 3*t + 90 = -0*t, 0 = -4*k - 2*t + 196. What is the greatest common divisor of k and a?
6
Let k be -2*3/6 + -3. Let d be (16/3)/(k/(-6)). Suppose -2*v + 143 = 2*v - 5*y, -5*v + y + 163 = 0. Calculate the highest common factor of d and v.
8
Let k(u) = 2*u + 6. Let j be k(5). Let w(t) = -22*t - 10. Let v be w(-7). Calculate the greatest common divisor of v and j.
16
Let d = 155 - 80. Calculate the highest common divisor of 15 and d.
15
Suppose 3*s = -5*o + 36, -5*o + 2*s = -11 - 40. Suppose -2*h = 3*h + c + 7, -c + o = -3*h. Let j = h + 32. Calculate the highest common factor of 10 and j.
10
Let n = 763 + -1130. Let v = n + 556. Calculate the greatest common divisor of 21 and v.
21
Suppose 3*t = -5*h + 34, h + 7*t - 14 = 4*t. Suppose 5*n - 74 = -0*n - 2*b, 0 = -h*b + 10. What is the greatest common factor of 21 and n?
7
Let d = -87 - -93. What is the highest common divisor of d and 10?
2
Suppose 0 = 9*s - 114 + 42. Suppose 108 = 3*k - 108. Calculate the highest common factor of s and k.
8
Let j be 396/8 + (-1)/2. Let i be (-2)/8 + j/(-28). Let b be i/8 - (-39)/12. Calculate the highest common factor of 9 and b.
3
Suppose 8*v - 104 = 4*v. Calculate the highest common factor of v and 286.
26
Let m(j) = -j**3 + 8*j**2 - 6*j - 9. Let y be m(7). Let o be (-1)/(-2)*(33 - 3). Let t be (o - (-1 - -2)) + y. Calculate the highest common factor of 48 and t.
12
Suppose -5*f + 116 = 2*g, 0 = 5*g - 1 + 11. Suppose -4*l + 38 = 6. Calculate the highest common divisor of l and f.
8
Suppose 0 = -3*x + 117 - 3. Calculate the highest common divisor of 95 and x.
19
Let i = -7 + 11. Suppose -4*r - 25 = 2*f - 3, -36 = 3*f + 5*r. Let o = f + 29. What is the greatest common factor of o and i?
4
Suppose 5*i = -7*i + 648. Calculate the greatest common factor of 6 and i.
6
Let j = 5 - 9. Let x = 2 + j. Let p be (x - -6)/(6/15). What is the greatest common factor of p and 40?
10
Let i be (-2)/(-3) + 80/24. Let k be 4*i + (-6)/3. What is the greatest common factor of 154 and k?
14
Let j(y) = -y**3 + 6*y**2 - 6*y + 1. Let x be j(3). Calculate the greatest common factor of 2 and x.
2
Suppose w = -5*d + 25, 0 = 4*d - 4*w - 1 + 5. Suppose 0*f = d*f - 160. Calculate the highest common divisor of 5 and f.
5
Suppose -5*k + 5*q = 2*q - 71, 0 = -4*q - 8. What is the greatest common divisor of 91 and k?
13
Let u(f) = f**2 - 2*f + 3. Let s be u(4). Calculate the greatest common divisor of s and 88.
11
Let d(l) be the second derivative of -l**4/12 - 4*l**3/3 - 3*l**2 + 3*l. Let i be d(-6). Calculate the greatest common factor of 9 and i.
3
Let y be 287/2 + (-2)/(-4). What is the highest common divisor of y and 16?
16
Let l be 1/(-1 - 24/(-20)). Calculate the greatest common factor of 10 and l.
5
Let h be (6 - 40/8)/((-2)/(-82)). Calculate the highest common factor of 451 and h.
41
Let q = 8 - 5. Let t = 0 - -1. Suppose 4*w - 3*g = -2*g + 14, -5*g = 3*w + t. Calculate the highest common factor of w and q.
3
Suppose 0 = 6*r + 2*r - 128. Suppose 5*q = -5*c + 15, -5*c = 4*q - 15 + 1. What is the greatest common factor of r and c?
2
Suppose -3*g + 14 = -31. Suppose -3*w + 4*n + 42 = 3*n, -3*w + 5*n = -30. What is the greatest common divisor of g and w?
15
Suppose -2*n - n = -108. Let j be 61/7 - (-6)/21. What is the highest common divisor of j and n?
9
Let q = 3 + -1. Suppose 0 = -p + 13 + q. What is the highest common factor of 6 and p?
3
Let m(u) be the second derivative of 5*u**4/4 + u**3/3 - u**2/2 - 2*u. Let w be m(-2). Calculate the greatest common factor of w and 5.
5
Suppose -2*p - 3*t + 46 = t, -102 = -5*p + 3*t. Let i be (-1 - (-808)/(-32))/((-2)/8). What is the highest common divisor of i and p?
21
Let p = 5 - 2. Let g be (p*2)/((-3)/(-2)). Suppose -u - g*c = 2*u - 35, 35 = 5*u - 5*c. What is the highest common factor of 3 and u?
3
Suppose -2*t - 64 = -5*g, 3*g - 27 = -3*t + 3. Let w be 12/16*g*9. What is the highest common factor of w and 9?
9
Suppose 2*x = i - 9, 5*i - 4 = 4*i - 3*x. Suppose -i - 73 = -2*s. Calculate the greatest common factor of s and 10.
10
Let t = -5 - -7. Let g = 4 - t. Suppose -6*q = -5*k - q + 25, 2*k - 13 = 5*q. Calculate the greatest common factor of k and g.
2
Suppose -c - 5*d + 31 = 0, -2*c + 35 = 3*c - 5*d. Let u = 18 - c. Suppose u = 4*g - 9. Calculate the highest common divisor of 6 and g.
2
Let x(v) = v**2 - v - 8*v - 3 + v + 4. Let o be x(10). Calculate the highest common divisor of o and 14.
7
Let w(g) = 19*g - 2. Let c be w(2). Calculate the highest common factor of 4 and c.
4
Suppose -5*p = -x + 208 - 661, 3*p - 5*x - 285 = 0. Let u(v) = -v - 1. Let c be u(2). Let b = 13 + c. What is the highest common divisor of b and p?
10
Suppose 4*x - 42 - 66 = -4*w, -2*x = -5*w - 33. Let o(n) = n + 2. Let z be o(6). What is the greatest common factor of x and z?
8
Suppose 35 = 7*s - 2*s. Let q = 19 - s. Calculate the highest common divisor of q and 48.
12
Let f = 3 + 1. Suppose 395 = f*c + 87. Suppose -3*u + 0*g = 2*g - 25, -4*u - 4*g + 28 = 0. Calculate the highest common divisor of u and c.
11
Suppose 4*i - 2*i - 6 = 0. Suppose i*m = 387 - 90. Let r(g) = -g**3 + g**2 + 2*g + 3. Let y be r(-2). What is the highest common divisor of y and m?
11
Let q(x) = -x**3 + x**2 - 3*x - 4. Let t be q(-2). What is the greatest common divisor of t and 42?
14
Let o = 46 + -33. Calculate the highest common divisor of 52 and o.
13
Suppose -d + 0*d - 4*r - 15 = 0, -d = -4*r - 25. Suppose d = -t + 40. What is the greatest common divisor of 5 and t?
5
Suppose 3*q + 0*q = 12. Suppose 119 = -q*y + v, 2*y - v + 29 = y. Let w be (y/(-12))/(2/12). What is the greatest common divisor of w and 3?
3
Let d be -2 + 26/2 + -2. Let c = -1 + d. Wha